{"id":381,"date":"2026-03-24T07:04:35","date_gmt":"2026-03-24T06:04:35","guid":{"rendered":"https:\/\/www.rqrmarketing.com\/?page_id=381"},"modified":"2026-03-24T07:06:28","modified_gmt":"2026-03-24T06:06:28","slug":"politica-de-privacidad","status":"publish","type":"page","link":"https:\/\/www.rqrmarketing.com\/index.php\/politica-de-privacidad\/","title":{"rendered":"Pol\u00edtica de privacidad"},"content":{"rendered":"\n<p><strong>RQR MARKETING, S.L.<\/strong> pone a su disposici\u00f3n a trav\u00e9s de la p\u00e1gina web <a href=\"https:\/\/www.rqrmarketing.com\">rqrmarketing.com<\/a> la presente pol\u00edtica de privacidad con la finalidad de informarle, de forma detallada, sobre c\u00f3mo tratamos sus datos personales y protegemos su privacidad y la informaci\u00f3n que nos proporciona. En caso de introducir modificaciones en un futuro sobre la misma se lo comunicaremos a trav\u00e9s de la p\u00e1gina web o a trav\u00e9s de otros medios de modo que pueda conocer las nuevas condiciones de privacidad introducidas.<\/p>\n\n\n\n<p>En cumplimiento del Reglamento (UE) 2016\/679, General de Protecci\u00f3n de Datos y de la Ley Org\u00e1nica 3\/2018, de 5 de diciembre, de Protecci\u00f3n de Datos Personales y garant\u00eda de los derechos digitales le informamos de lo siguiente:<\/p>\n\n\n\n<h3>Responsable del tratamiento<\/h3>\n\n\n\n<p><strong>RQR MARKETING, S.L.<\/strong> con CIF B26631168 y domicilio fiscal en c\/ Federica Monntseny, 3, 2\u00ba2\u00aa &#8211; 08232 Viladecavalls (Barcelona) y correo electr\u00f3nico\u00a0<a rel=\"noreferrer noopener\" href=\"mailto:webmaster@rqrmarketing.com\" target=\"_blank\">webmaster@rqrmarketing.com<\/a>, actuando como propietaria y en representaci\u00f3n de la marca comercial\u00a0<strong>RQR MARKETING<\/strong>, es la empresa responsable del tratamiento de los datos de car\u00e1cter personal.<\/p>\n\n\n\n<p>Si tiene cualquier tipo de consulta, duda o sugerencia con relaci\u00f3n a c\u00f3mo usamos sus datos personales puede dirigirse a nosotros a trav\u00e9s de la direcci\u00f3n de correo electr\u00f3nico\u00a0<a rel=\"noreferrer noopener\" href=\"mailto:webmaster@rqrmarketing.com\" target=\"_blank\"><a rel=\"noreferrer noopener\" href=\"mailto:webmaster@rqrmarketing.com\" target=\"_blank\">webmaster@rqrmarketing.com<\/a><\/a>.<\/p>\n\n\n\n<h3>\u00bfCon qu\u00e9 finalidad tratamos sus datos personales?<\/h3>\n\n\n\n<p>En <a rel=\"noreferrer noopener\" href=\"https:\/\/www.martekbrain.com\" target=\"_blank\">rqrmarketing.com<\/a> recabamos y tratamos su informaci\u00f3n personal con car\u00e1cter general para gestionar la relaci\u00f3n que mantenemos con Ud. siendo las principales finalidades que tenemos identificadas las siguientes:<\/p>\n\n\n\n<ul><li>Gesti\u00f3n y contrataci\u00f3n de los productos y servicios ofrecidos por nuestra empresa.<\/li><li>Canalizar las solicitudes de informaci\u00f3n, sugerencias y reclamaciones que nos pueda hacer llegar.<\/li><li>Mantenerle informado sobre eventos, ofertas, productos y servicios que puedan resultar de su inter\u00e9s a trav\u00e9s de distintos canales de comunicaci\u00f3n siempre y cuando Ud. haya prestado su consentimiento.<\/li><li>Gesti\u00f3n de la relaci\u00f3n laboral, en el caso de nuestros empleados.<\/li><li>Gesti\u00f3n de la relaci\u00f3n comercial mantenida con nuestros proveedores.<\/li><\/ul>\n\n\n\n<h3>\u00bfC\u00f3mo recabamos su informaci\u00f3n?<\/h3>\n\n\n\n<p>Recabamos su informaci\u00f3n personal a trav\u00e9s de diferentes medios, pero siempre ser\u00e1 informado en el momento de la recogida mediante cl\u00e1usulas informativas sobre el responsable del tratamiento, la finalidad y la base legal del mismo, los destinatarios de los datos y el periodo de conservaci\u00f3n de su informaci\u00f3n, as\u00ed como la forma en que puede ejercer los derechos que le asisten en materia de protecci\u00f3n de datos.<\/p>\n\n\n\n<p>En general, la informaci\u00f3n personal que tratamos se limita a datos identificativos (nombre y apellidos, fecha de nacimiento, domicilio, DNI, tel\u00e9fono y correo electr\u00f3nico), servicios contratados y datos de pago y facturaci\u00f3n.<\/p>\n\n\n\n<p>En los casos de gesti\u00f3n y selecci\u00f3n de personal recogemos los datos acad\u00e9micos y profesionales para poder atender a las obligaciones derivadas del mantenimiento de la relaci\u00f3n laboral o en su caso, entrar a formar parte de nuestra plantilla.<\/p>\n\n\n\n<p><a rel=\"noreferrer noopener\" href=\"https:\/\/www.martekbrain.com\/\" target=\"_blank\">RQR MARKETING, S.L.<\/a> utiliza redes sociales y esta es otra forma de llegar a usted. La informaci\u00f3n recogida a trav\u00e9s de los mensajes y comunicaciones que publica puede contener informaci\u00f3n personal que se encuentra disponible online y accesible al p\u00fablico. Estas redes sociales cuentan con sus propias pol\u00edticas de privacidad donde se explica c\u00f3mo utilizan y comparten su informaci\u00f3n, por lo que <a rel=\"noreferrer noopener\" href=\"https:\/\/www.martekbrain.com\/\" target=\"_blank\">rqrmarketing.com<\/a> le recomienda que las consulte antes de hacer uso de estas para confirmar que est\u00e1 de acuerdo con la forma en que su informaci\u00f3n es recogida, tratada y compartida.<\/p>\n\n\n\n<p>A trav\u00e9s de nuestra p\u00e1gina web recabamos informaci\u00f3n personal relacionada con su navegaci\u00f3n a trav\u00e9s del uso de cookies. Para conocer de manera clara y precisa las cookies que utilizamos, cu\u00e1les son sus finalidades y c\u00f3mo puede configurarlas o deshabilitarlas, consulte nuestra Pol\u00edtica de Cookies.<\/p>\n\n\n\n<h3>Responsabilidad del usuario<\/h3>\n\n\n\n<p>Al facilitarnos sus datos a trav\u00e9s de canales electr\u00f3nicos, el usuario garantiza que es mayor de 14 a\u00f1os y que los datos facilitados a Ra\u00fal D\u00edaz Borrego son verdaderos, exactos, completos y actualizados. A estos efectos, el usuario confirma que responde de la veracidad de los datos comunicados y que mantendr\u00e1 convenientemente actualizada dicha informaci\u00f3n de modo que responda a su situaci\u00f3n real, haci\u00e9ndose responsable de los datos falsos e inexactos que pudiera proporcionar, as\u00ed como de los da\u00f1os y perjuicios, directos o indirectos, que pudieran derivarse.<\/p>\n\n\n\n<h3>\u00bfCu\u00e1nto conservamos su informaci\u00f3n?<\/h3>\n\n\n\n<p>En <a href=\"https:\/\/www.rqrmarketing.com\/\" target=\"_blank\" rel=\"noreferrer noopener\">rqrmarketing.com<\/a> s\u00f3lo conservamos su informaci\u00f3n por el periodo de tiempo necesario para cumplir con la finalidad para la que fue recogida, dar cumplimiento a las obligaciones legales que nos vienen impuestas y atender las posibles responsabilidades que pudieran derivar del cumplimiento de la finalidad por la que los datos fueron recabados.<\/p>\n\n\n\n<p>Si en alg\u00fan momento hemos recogido sus datos para dirigirnos a usted como potencial usuario de nuestros servicios o dar respuesta a una solicitud de informaci\u00f3n realizada por su parte, dichos datos ser\u00e1n conservados por el tiempo necesario para cumplir con las obligaciones legales desde su recogida, pasando a eliminarse transcurrido dicho plazo si no se ha formalizado una relaci\u00f3n contractual o en el momento en que as\u00ed nos lo solicite.<\/p>\n\n\n\n<p>En todo caso, y por regla general, mantendremos su informaci\u00f3n personal mientras exista una relaci\u00f3n contractual que nos vincule o usted no ejerza su derecho de supresi\u00f3n y\/o limitaci\u00f3n del tratamiento, en cuyo caso, la informaci\u00f3n ser\u00e1 bloqueada sin darle uso m\u00e1s all\u00e1 de su conservaci\u00f3n, mientras pueda ser necesaria para el ejercicio o defensa de reclamaciones o pudiera derivarse alg\u00fan tipo de responsabilidad que tuviera que ser atendida.<\/p>\n\n\n\n<h3>\u00bfA qui\u00e9n comunicamos sus datos?<\/h3>\n\n\n\n<p>En general, en <a rel=\"noreferrer noopener\" href=\"https:\/\/www.martekbrain.com\/\" target=\"_blank\">rqrmarketing.com<\/a> no compartimos su informaci\u00f3n personal, salvo aquellas cesiones que debemos realizar en base a obligaciones legales impuestas.<\/p>\n\n\n\n<p>Aunque no se trata de una cesi\u00f3n de datos, para prestarle el servicio solicitado puede ser que terceras empresas, que act\u00faan como proveedores nuestros, accedan a su informaci\u00f3n para llevar a cabo el servicio que les hemos contratado. Estos encargados acceden a sus datos siguiendo nuestras instrucciones y sin que puedan utilizarlos para una finalidad diferente y manteniendo la m\u00e1s estricta confidencialidad.<\/p>\n\n\n\n<p>Asimismo, su informaci\u00f3n personal estar\u00e1 a disposici\u00f3n de las Administraciones P\u00fablicas, Jueces y Tribunales, para la atenci\u00f3n de posibles responsabilidades nacidas del tratamiento.<\/p>\n\n\n\n<p>Si solicitas un restablecimiento de contrase\u00f1a, tu direcci\u00f3n IP ser\u00e1 incluida en el correo electr\u00f3nico de restablecimiento.<\/p>\n\n\n\n<h3>Comentarios<\/h3>\n\n\n\n<p>Cuando los visitantes dejan comentarios en la web, recopilamos los datos que se muestran en el formulario de comentarios, as\u00ed como la direcci\u00f3n IP del visitante y la cadena de agentes de usuario del navegador para ayudar a la detecci\u00f3n de spam.<\/p>\n\n\n\n<p>Una cadena an\u00f3nima creada a partir de tu direcci\u00f3n de correo electr\u00f3nico (tambi\u00e9n llamada hash) puede ser proporcionada al servicio de Gravatar para ver si la est\u00e1s usando. La pol\u00edtica de privacidad del servicio Gravatar est\u00e1 disponible aqu\u00ed: <a rel=\"noreferrer noopener\" href=\"https:\/\/automattic.com\/privacy\/\" target=\"_blank\">https:\/\/automattic.com\/privacy\/<\/a>\u00a0Despu\u00e9s de la aprobaci\u00f3n de tu comentario, la imagen de tu perfil es visible para el p\u00fablico en el contexto de tu comentario.<\/p>\n\n\n\n<h3>Transferencias internacionales de datos<\/h3>\n\n\n\n<p>No existen transferencias internacionales de sus datos a pa\u00edses fuera del Espacio Econ\u00f3mico Europeo (EEE).<\/p>\n\n\n\n<p>Con nuestros proveedores hemos acordado que, para la prestaci\u00f3n del servicio contratado, hagan uso de servidores ubicados en el EEE y si, en un futuro, necesit\u00e1semos hacer uso de servidores localizados fuera del territorio de la UE, se adoptar\u00e1n las medidas adecuadas, que ser\u00e1n incorporadas a esta Pol\u00edtica de Privacidad, garantizando que dichos proveedores se hallan bajo el acuerdo de Privacy Shield o que existen otras garant\u00edas adecuadas.<\/p>\n\n\n\n<h3>\u00bfCu\u00e1les son sus derechos con relaci\u00f3n al tratamiento de sus datos y c\u00f3mo puede ejercerlos?<\/h3>\n\n\n\n<p>La normativa en materia de protecci\u00f3n de datos permite que pueda ejercer sus derechos de acceso, rectificaci\u00f3n, supresi\u00f3n y portabilidad de datos y oposici\u00f3n y limitaci\u00f3n a su tratamiento, as\u00ed como a no ser objeto de decisiones basadas \u00fanicamente en el tratamiento automatizado de sus datos, cuando proceda.<\/p>\n\n\n\n<p>Estos derechos se caracterizan por lo siguiente:<\/p>\n\n\n\n<ul><li>Su ejercicio es gratuito, salvo que se trate de solicitudes manifiestamente infundadas o excesivas (p. ej., car\u00e1cter repetitivo), en cuyo caso <a rel=\"noreferrer noopener\" href=\"https:\/\/www.rqrmarketing.com\/\" target=\"_blank\">rqrmarketing.com<\/a> podr\u00e1 cobrar un canon proporcional a los costes administrativos soportados o negarse a actuar.<\/li><li>Puede ejercer los derechos directamente o por medio de tu representante legal o voluntario.<\/li><li>Debemos responder a su solicitud en el plazo de un mes, aunque, si se tiene en cuenta la complejidad y n\u00famero de solicitudes, se puede prorrogar el plazo en otros dos meses m\u00e1s.<\/li><li>Tenemos la obligaci\u00f3n de informarle sobre los medios para ejercitar estos derechos, los cuales deben ser accesibles y sin poder denegarle el ejercicio del derecho por el solo motivo de optar por otro medio. Si la solicitud se presenta por medios electr\u00f3nicos, la informaci\u00f3n se facilitar\u00e1 por estos medios cuando sea posible, salvo que nos solicite que sea de otro modo.<\/li><li>Si <a rel=\"noreferrer noopener\" href=\"https:\/\/www.rqrmarketing.com\/\" target=\"_blank\">rqrmarketing.com<\/a> no da curso a la solicitud, le informar\u00e1, a m\u00e1s tardar en un mes, de las razones de su no actuaci\u00f3n y la posibilidad de reclamar ante una Autoridad de Control.<\/li><\/ul>\n\n\n\n<p>A fin de facilitar su ejercicio, le facilitamos los enlaces al formulario de solicitud de cada uno de los derechos:<\/p>\n\n\n\n<p><a href=\"https:\/\/www.aepd.es\/media\/formularios\/formulario-derecho-de-acceso.pdf\">Formulario ejercicio del derecho de acceso<\/a><\/p>\n\n\n\n<p><a href=\"https:\/\/www.aepd.es\/media\/formularios\/formulario-derecho-de-rectificacion.pdf\">Formulario de ejercicio del derecho de rectificaci\u00f3n<\/a><\/p>\n\n\n\n<p><a href=\"https:\/\/www.aepd.es\/media\/formularios\/formulario-derecho-de-oposicion.pdf\">Formulario de ejercicio del derecho de oposici\u00f3n<\/a><\/p>\n\n\n\n<p><a href=\"https:\/\/www.aepd.es\/media\/formularios\/formulario-derecho-de-supresion.pdf\">Formulario de ejercicio del derecho de supresi\u00f3n (derecho \u201cal olvido\u201d)<\/a><\/p>\n\n\n\n<p><a href=\"https:\/\/www.aepd.es\/media\/formularios\/formulario-derecho-de-limitacion.pdf\">Formulario de ejercicio del derecho a la limitaci\u00f3n del tratamiento<\/a><\/p>\n\n\n\n<p><a href=\"https:\/\/www.aepd.es\/media\/formularios\/formulario-derecho-de-portabilidad.pdf\">Formulario de ejercicios del derecho a la portabilidad<\/a><\/p>\n\n\n\n<p><a href=\"https:\/\/www.aepd.es\/media\/formularios\/formulario-derecho-de-oposicion-decisiones-automatizadas.pdf\">Formulario de ejercicio a no ser objeto de decisiones individuales automatizadas<\/a><\/p>\n\n\n\n<p>Para ejercer sus derechos <a rel=\"noreferrer noopener\" href=\"https:\/\/www.martekbrain.com\/\" target=\"_blank\">martekbrain.com<\/a> pone a su disposici\u00f3n los siguientes medios:<\/p>\n\n\n\n<ol><li>Mediante solicitud escrita y firmada dirigida a RQR MARKETING, S.L., c\/ Federica Montseny, 3, 2\u00ba2\u00aa &#8211; 08232 Viladecavalls (Barcelona), Ref. Ejercicio de Derechos LOPD.<\/li><li>Enviando formulario escaneado y firmado a la direcci\u00f3n de correo electr\u00f3nico <a href=\"mailto:webmaster@rqrmarketing.com\" target=\"_blank\" rel=\"noreferrer noopener\">webmaster@rqrmarketing.com<\/a> indicando en el asunto Ejercicio de Derechos LOPD.<\/li><\/ol>\n\n\n\n<p>En ambos casos, deber\u00e1 acreditar su identidad acompa\u00f1ando fotocopia o en su caso, copia escaneada, de su DNI o documento equivalente para poder verificar que s\u00f3lo damos respuesta al interesado o su representante legal, debiendo aportar en este caso documento acreditativo de la representaci\u00f3n.<\/p>\n\n\n\n<p>Asimismo, y especialmente si considera que no ha obtenido satisfacci\u00f3n plena en el ejercicio de sus derechos, le informamos que podr\u00e1 presentar una reclamaci\u00f3n ante la autoridad nacional de control dirigi\u00e9ndose a estos efectos a la Agencia Espa\u00f1ola de Protecci\u00f3n de Datos, C\/ Jorge Juan, 6 \u2013 28001 Madrid, o bien accediendo a su sede electr\u00f3nica en <a rel=\"noreferrer noopener\" href=\"https:\/\/sedeagpd.gob.es\/sede-electronica-web\/\" target=\"_blank\">https:\/\/sedeagpd.gob.es\/sede-electronica-web\/<\/a><\/p>\n\n\n\n<h3>\u00bfC\u00f3mo protegemos su informaci\u00f3n?<\/h3>\n\n\n\n<p>En <a href=\"https:\/\/www.rqrmarketing.com\/\" target=\"_blank\" rel=\"noreferrer noopener\">rqrmarketing.com<\/a> nos comprometemos a proteger su informaci\u00f3n personal.<\/p>\n\n\n\n<p>Utilizamos medidas, controles y procedimientos de car\u00e1cter f\u00edsico, organizativo y tecnol\u00f3gico, razonablemente fiables y efectivos, orientados a preservar la integridad y la seguridad de sus datos y garantizar su privacidad.<\/p>\n\n\n\n<p>Adem\u00e1s, todo el personal con acceso a los datos personales ha sido formado y tiene conocimiento de sus obligaciones con relaci\u00f3n a los tratamientos de sus datos personales.<\/p>\n\n\n\n<p>En el caso de los contratos que suscribimos con nuestros proveedores incluimos cl\u00e1usulas en las que se les exige mantener el deber de secreto respecto a los datos de car\u00e1cter personal a los que hayan tenido acceso en virtud del encargo realizado, as\u00ed como implantar las medidas de seguridad t\u00e9cnicas y organizativas necesarias para garantizar la confidencialidad, integridad, disponibilidad y resiliencia permanentes de los sistemas y servicios de tratamiento de los datos personales.<\/p>\n\n\n\n<p>Todas estas medidas de seguridad son revisadas de forma peri\u00f3dica para garantizar su adecuaci\u00f3n y efectividad.<\/p>\n\n\n\n<p>Sin embargo, la seguridad absoluta no se puede garantizar y no existe ning\u00fan sistema de seguridad que sea impenetrable por lo que, en el caso de cualquier informaci\u00f3n objeto de tratamiento y bajo nuestro control se viese comprometida como consecuencia de una brecha de seguridad, tomaremos las medidas adecuadas para investigar el incidente, notificarlo a la Autoridad de Control y, en su caso, a aquellos usuarios que se hubieran podido ver afectados para que tomen las medidas adecuadas.<\/p>\n","protected":false},"excerpt":{"rendered":"<p>RQR MARKETING, S.L. pone a su disposici\u00f3n a trav\u00e9s de la p\u00e1gina web rqrmarketing.com la presente pol\u00edtica de privacidad con la finalidad de informarle, de forma detallada, sobre c\u00f3mo tratamos sus datos personales y protegemos su privacidad y la informaci\u00f3n que nos proporciona. En caso de introducir modificaciones en un futuro sobre la misma se&hellip;&nbsp;<a href=\"https:\/\/www.rqrmarketing.com\/index.php\/politica-de-privacidad\/\" rel=\"bookmark\">Leer m\u00e1s &raquo;<span class=\"screen-reader-text\">Pol\u00edtica de privacidad<\/span><\/a><\/p>\n","protected":false},"author":1,"featured_media":0,"parent":0,"menu_order":0,"comment_status":"closed","ping_status":"closed","template":"","meta":{"neve_meta_sidebar":"","neve_meta_container":"","neve_meta_enable_content_width":"","neve_meta_content_width":0,"neve_meta_title_alignment":"","neve_meta_author_avatar":"","neve_post_elements_order":"","neve_meta_disable_header":"","neve_meta_disable_footer":"","neve_meta_disable_title":""},"_links":{"self":[{"href":"https:\/\/www.rqrmarketing.com\/index.php\/wp-json\/wp\/v2\/pages\/381"}],"collection":[{"href":"https:\/\/www.rqrmarketing.com\/index.php\/wp-json\/wp\/v2\/pages"}],"about":[{"href":"https:\/\/www.rqrmarketing.com\/index.php\/wp-json\/wp\/v2\/types\/page"}],"author":[{"embeddable":true,"href":"https:\/\/www.rqrmarketing.com\/index.php\/wp-json\/wp\/v2\/users\/1"}],"replies":[{"embeddable":true,"href":"https:\/\/www.rqrmarketing.com\/index.php\/wp-json\/wp\/v2\/comments?post=381"}],"version-history":[{"count":3,"href":"https:\/\/www.rqrmarketing.com\/index.php\/wp-json\/wp\/v2\/pages\/381\/revisions"}],"predecessor-version":[{"id":385,"href":"https:\/\/www.rqrmarketing.com\/index.php\/wp-json\/wp\/v2\/pages\/381\/revisions\/385"}],"wp:attachment":[{"href":"https:\/\/www.rqrmarketing.com\/index.php\/wp-json\/wp\/v2\/media?parent=381"}],"curies":[{"name":"wp","href":"https:\/\/api.w.org\/{rel}","templated":true}]}}